9. Let z(c) = 7*q(c) - 3*v(c). Let x = -13 - -11. Let y be ((-1)/x)/((-6)/60). Give z(y).
-6
Let u(y) = -51 - 50 + 209 - 71 - 43 - y**2 - 6*y. Let q(d) = -d**2 - 5*d + 1. Let k be q(-6). What is u(k)?
-1
Let s(c) = 78*c + 8. Let w(j) = -44*j - 4. Let t(z) = 3*s(z) + 5*w(z). Determine t(3).
46
Let d(y) be the second derivative of y**3/6 + 6*y**2 + y. Suppose 7*p - 5*m - 41 = 4*p, p + 3*m = -5. Suppose -4*f + p*f = -15. What is d(f)?
7
Let g = 118 + -123. Let w(h) = -h + 2*h - 2 - 3. What is w(g)?
-10
Let h(p) be the second derivative of -p**4/6 + p**3/6 + p**2 + 311*p. Determine h(-2).
-8
Let a = -40 + 36. Let w(r) = r**2 - 3*r - 6. Calculate w(a).
22
Let r(c) = c**2 - 5*c - 10. Suppose -7 = -18*l + 17*l. What is r(l)?
4
Let b(j) = -3*j**2 + 8*j + 8. Let u(x) = 4*x**2 - 9*x - 9. Let p be (-2)/(-8) + (-3 - (-38)/8). Let h(c) = p*u(c) + 3*b(c). What is h(6)?
6
Let x(s) = -s**2 - 6*s + 10. Suppose -3*b + 74 = f - 42, -3*f + 3*b + 288 = 0. Let k = f + -110. Calculate x(k).
-17
Let u(q) = q**2 + q - 4. Let i be 21/5 - (-24)/30. Give u(i).
26
Suppose -2*z + 24 = -0. Suppose 0 = 4*a - 14 - 18. Suppose -5*m - z = -a*m. Let j(x) = -x**3 + 2*x**2 + 5*x + 3. Give j(m).
-9
Suppose -4*c = 6*f - 2*f + 36, -2*f = -2*c - 6. Let y(i) = i - 7. Let o(q) = -4*q + 22. Let p be (-4 - (-23)/5)*-5. Let g(w) = p*o(w) - 10*y(w). Determine g(c).
-8
Let k(w) = 3*w + 3. Let d(u) = -4*u - 5. Let i(r) = 5*d(r) + 8*k(r). Let a(h) = 11*h - 2. Let j(p) = 3*a(p) - 8*i(p). Calculate j(2).
4
Let z(r) be the third derivative of -r**6/60 - r**5/20 + 5*r**4/24 - r**3/2 - 102*r**2 - r. What is z(2)?
-21
Let w(n) = -12*n - 89 + n**3 - 39*n**2 + 49*n**2 + 84. Give w(-11).
6
Let d(g) = 8*g - 36*g + 4 + 8*g + 10*g + 8*g. Calculate d(12).
-20
Let r = -17 + 15. Let u be (r - 12/(-4)) + 125. Let j(k) = -u*k + 126*k + k**3 + 4*k**3. Give j(1).
5
Let g(h) = -2*h. Let q(x) = -x + 1. Let a(r) = -7*r + 10. Let w(y) = -a(y) + 6*q(y). Let t = 1 + 2. Let v be w(t). Calculate g(v).
2
Let v(t) = 2*t. Let s(c) = 2 - 3 + 2 + 0. Let w(d) = d**2 + 7*d + 5. Let u be w(-6). Let g(o) = u*v(o) + 5*s(o). Determine g(5).
-5
Let x(s) = -5*s**3 - 9*s**2 + 2*s. Let i(h) = h**3 + 2*h**2 - h. Let w(t) = 4*i(t) + x(t). Determine w(-2).
8
Let a(s) = -3*s**3 - s**2 - 2*s + 1. Let t(p) = -10*p**3 - 3*p**2 - 11*p + 1. Let d(c) = 4*a(c) - t(c). What is d(-2)?
9
Suppose 0 = p + 4*p + 4*n - 12, p + 3*n = -2. Suppose -p = 4*m - 3*m. Let k(f) = 2*f**2 - 32442*f**3 - 3*f + 32443*f**3 + 2*f**2 - 2. Calculate k(m).
10
Let a be 2 - (1 + (0 - 1)). Let o(d) = 2*d - 1. Let v be o(a). Let u(q) = 2*q + 4*q**2 - v*q**2 - 8*q. Give u(3).
-9
Let d(m) = -2*m**2 - 2*m. Let i be 2/(24/15 + -2). Suppose 0 = 2*q + q - 9. Let p = i + q. Give d(p).
-4
Let h(z) = z**2 + z + 2. Let m = 83 - 86. What is h(m)?
8
Let s(z) = 1878*z + 1873*z - z**3 - 3744*z + 6*z**2 + 5. Calculate s(7).
5
Let w(m) = 4*m + 3*m + 3*m - 16 - 8*m. What is w(15)?
14
Let q(n) be the second derivative of n**4/12 + 5*n**3/6 + 2*n**2 + 189*n. Determine q(-5).
4
Let s(x) = x**2 - 11*x - 16. Suppose 13*o + 48 = 3*c + 8*o, -2*c + 4 = 6*o. Calculate s(c).
-16
Let j(n) = n**3 + 5*n**2 - 6*n. Let t be j(-6). Suppose -5*o - 5 = -t. Let d(v) = -10*v. What is d(o)?
10
Let r(a) be the second derivative of -1/2*a**3 - 9*a + 0 + 1/8*a**4 + 2*a**2. Let w(d) be the first derivative of r(d). What is w(2)?
3
Let v be 1/(-3) - (-4)/3. Suppose -4*q - v - 23 = 0. Let u(i) = 3 + 6*i - 3*i + 6. Give u(q).
-9
Let m(w) = 164*w**3 - 6*w - 15*w**2 - 165*w**3 + 24*w + 19. What is m(-16)?
-13
Let z(k) = -4*k**2 + 6*k - 1. Let w be (-5)/(-2)*(-3 + 7/7). Let p(c) = c**2. Let f(a) = w*p(a) - z(a). What is f(-5)?
6
Let c = -1314 - -1314. Let g(k) be the second derivative of 0*k**3 + 3/2*k**2 + c - 1/12*k**4 + 8*k. Give g(0).
3
Let a(y) = 6 - 6*y**2 + 0*y**3 - 4*y - 3*y**3 + 4*y - 2*y + 2*y**3. Determine a(-5).
-9
Let o(h) = 6*h**2 - h - 1. Let t be 1/2*90/15. Suppose 3 + 0 = -t*l. Give o(l).
6
Suppose -58*o = -59*o + 2. Let s(p) = -7 + 6 + 3*p**o - 5*p**2 - p + 8*p. Calculate s(5).
-16
Let t = 9877/6 + -1646. Let a(c) be the third derivative of t*c**3 + 0 + 0*c - 1/12*c**4 + 9*c**2. Determine a(2).
-3
Let z(d) = -d**3 + 4*d**2 + 4*d - 7. Suppose -5*n - 2*r - 28 = 0, -2*n - 2*r - 23 = -7. Let i = 1 - n. Give z(i).
-12
Let h be ((-16)/(-8))/((-2)/(-11)). Suppose -4*k = -5*c + h, -k + 11 - 4 = 2*c. Let o(d) = -d**3 + 3*d**2 - d - 1. What is o(c)?
-4
Let z(o) be the first derivative of -5*o**3/3 - 6*o**2 + 3*o - 11. Let f(w) = 4*w**2 + 11*w - 2. Let v(p) = -6*f(p) - 5*z(p). Give v(7).
4
Let a(w) = 2*w + 2. Suppose -4*n = 8*n - 96. Suppose -1 = -3*f + n. Give a(f).
8
Suppose y - 4*y - 16 = -4*n, -3*n + y = -12. Let v(x) be the third derivative of x**6/120 - x**5/10 + x**4/6 + x**3/3 + 2*x**2. Determine v(n).
-14
Let z be 6/4*(-4)/(-3). Let n(x) = -48663*x**2 + 3 + 24334*x**2 + 24328*x**2 - 2*x. Determine n(z).
-5
Let m(f) = f**2 - 18*f + 3. Let i(l) = l**2 - 17*l + 4. Let c(d) = -5*i(d) + 4*m(d). Let g be 3/6*12*2. Determine c(g).
4
Let s be 1*3 - (12 + -8). Let d(q) be the first derivative of 3*q**4/4 - q**3/3 - q**2 - q + 27. Give d(s).
-3
Let m be (8/(-14))/((-96)/336). Let w(b) be the third derivative of b**4/24 + b**2. Determine w(m).
2
Suppose -u + 10 = 3. Let s(a) = -a**2 + 6 + u*a + 0*a - a. Suppose 5*k - 25 = -0*k. What is s(k)?
11
Let g be (2*(-3)/9)/((-5)/1815). Let s(i) = 247*i**2 + i - 2*i - g*i**2 - 5 + i**3. Give s(-5).
0
Let y(i) = 5*i - 12 - 7*i + 0*i**2 - 7*i**2 + 9*i. Let o = 2 - -4. Let n(s) = -6*s**2 + 7*s - 11. Let g(d) = o*n(d) - 5*y(d). Calculate g(7).
-6
Let j(d) be the third derivative of -d**6/360 + d**5/40 + d**4/8 + 19*d**3/6 - 22*d**2. Let o(g) be the first derivative of j(g). What is o(4)?
-1
Let n(g) = -6*g + 5. Suppose 4*x - 314 = 2*w, -3*x + 0*w + 3*w = -234. Let r = x + -73. What is n(r)?
-31
Let j = 633 + -634. Let q(w) = -14*w + 1. Calculate q(j).
15
Let b(x) = x + 19. Let l be 22/3*(-84)/56. What is b(l)?
8
Let j(u) = -2*u**2 + 15*u - 15. Let z be 2530/414 + 2 + (-38)/18. What is j(z)?
3
Let l(q) = -2*q + 5. Suppose 0 = 5*n + 5*k - 20, 3*k = 5*n - 2*k - 20. Let s be 10/n - 2/4. Suppose -z + 3 = -s. Determine l(z).
-5
Suppose -2*b = 0, 4*b = -f - 0*b. Suppose f = -0*n + 2*n - 10. Let q(s) = -508 - 4*s + 512 + 5*s**2 + 3*s - s**3. Give q(n).
-1
Let j(d) = d**3 - 9*d**2 + d - 2. Suppose -36 = 7*a - 99. What is j(a)?
7
Let m(f) = -5*f**2 + f - 1. Suppose 3*q - g + 6*g = 41, 73 = 4*q + 3*g. Let l = 44 - 21. Let a = l - q. Determine m(a).
-5
Let m(h) = -h - 3. Suppose 110*y + 3*k - 36 = 113*y, 3*y - 5*k = -46. Give m(y).
4
Let t(l) = -12*l**2 + 2*l - 1. Suppose 3*f - 7 - 5 = 0, -y + 2*f - 7 = 0. Let v be 6/(-6) - 4/y. Let a = -4 - v. What is t(a)?
-11
Let s(c) = -2*c**2 - 15*c - 8. Let l be 1/1*(-1 + -6)*1. Give s(l).
-1
Let i(t) = -t**3 + 4*t**2 + 4. Let p = -248 - -253. Give i(p).
-21
Let h(y) = -y**3 - 6*y**2 - 7*y + 1. Suppose 2*g - 7 = -17. Give h(g).
11
Let t(d) = d**3 + 10*d**2 + 7*d - 5. Suppose -146*s = -151*s - 45. Determine t(s).
13
Let b(o) = o**3 - 5*o**2 + o + 4. Let k be 1/(4/40 + 0). Let y = k - 6. Give b(y).
-8
Suppose 4*l + 69 - 89 = 0. Suppose -a + 8 = -l*a. Let o(f) = -2*f - 2. Give o(a).
2
Let o(d) = d + 4 - 4*d + 0*d. Suppose -264 + 327 = 21*c. Determine o(c).
-5
Let p(a) = 4*a - 2. Let m(r) = -r + 1. Suppose 0*d = 3*d - 60. Let c be 3/4 + 5/d. Let y(k) = c*p(k) + 5*m(k). Calculate y(3).
0
Let h(g) be the first derivative of -4/3*g**3 + 11 + 1/2*g**2 + g. Give h(-2).
-17
Suppose -17 = q + 5*p, 5*q - 2*p - 14 = 3*q. Suppose 0 + 8 = 4*x. Let m(f) = 2 + x + 7*f - 2*f**2 + q*f**2. Determine m(-6).
-2
Let k(s) = s + 2. Let o be k(0). Let q(d) = -d - o*d**2 - 9*d**3 + 6*d - 4*d + 4*d**2. Suppose -5*z + 3*w = 11, -5*z - 9 = -5*w + 6. Give q(z).
10
Let m(h) = -h**3 - 2*h**2 + 2*h + 4. Suppose l = 3*l + 110. Let g = 52 + l. What is m(g)?
7
Let k(x) = x**2 + 6*x - 1. Let z(p) = -p**2 - 3*p + 6. Let d be z(7). Let t = 59 + d. Give k(t).
-6
Let v(b) be the second derivative of b**5/120 - b**4/12 + 19*b**3/6 - 7*b. Let x(a) be the second derivative of v(a). Give x(9).
7
Let r = -6 + 8. Let c(i) be the first derivative of 5*i**2 + 2*i**2 + 4 + i - 6*i**2 - r. Determine c(-4).
-7
Let k(n) = 2*n - 5. Let a(x) = -x + 2. Let u(o) = -a(o) - k(o). Calculate u(-4).
7
Let i(z